te the remainder when 26 is divided by 3.
2
Calculate the remainder when 266 is divided by 39.
32
Calculate the remainder when 1224 is divided by 102.
0
What is the remainder when 85 is divided by 34?
17
Calculate the remainder when 66 is divided by 11.
0
Calculate the remainder when 704 is divided by 5.
4
Calculate the remainder when 1958 is divided by 282.
266
What is the remainder when 2110 is divided by 132?
130
What is the remainder when 85 is divided by 4?
1
Calculate the remainder when 2552 is divided by 23.
22
What is the remainder when 119 is divided by 35?
14
Calculate the remainder when 239 is divided by 27.
23
Calculate the remainder when 47 is divided by 15.
2
What is the remainder when 232 is divided by 1?
0
What is the remainder when 173 is divided by 60?
53
What is the remainder when 866 is divided by 87?
83
Calculate the remainder when 49 is divided by 30.
19
What is the remainder when 143 is divided by 106?
37
Calculate the remainder when 140 is divided by 127.
13
What is the remainder when 279 is divided by 71?
66
Calculate the remainder when 61 is divided by 19.
4
What is the remainder when 537 is divided by 45?
42
What is the remainder when 3291 is divided by 78?
15
What is the remainder when 479 is divided by 92?
19
Calculate the remainder when 656 is divided by 15.
11
Calculate the remainder when 275 is divided by 63.
23
Calculate the remainder when 2361 is divided by 17.
15
What is the remainder when 2092 is divided by 21?
13
What is the remainder when 1695 is divided by 34?
29
What is the remainder when 817 is divided by 10?
7
What is the remainder when 57 is divided by 33?
24
Calculate the remainder when 83 is divided by 2.
1
Calculate the remainder when 335 is divided by 84.
83
What is the remainder when 627 is divided by 158?
153
Calculate the remainder when 7 is divided by 2.
1
What is the remainder when 6130 is divided by 3061?
8
Calculate the remainder when 1129 is divided by 27.
22
Calculate the remainder when 107 is divided by 55.
52
Calculate the remainder when 513 is divided by 87.
78
What is the remainder when 592 is divided by 150?
142
What is the remainder when 342 is divided by 41?
14
Calculate the remainder when 1383 is divided by 1364.
19
What is the remainder when 570 is divided by 26?
24
Calculate the remainder when 361 is divided by 112.
25
What is the remainder when 359 is divided by 64?
39
What is the remainder when 281 is divided by 71?
68
Calculate the remainder when 1608 is divided by 35.
33
Calculate the remainder when 538 is divided by 77.
76
Calculate the remainder when 557 is divided by 140.
137
Calculate the remainder when 185 is divided by 62.
61
Calculate the remainder when 213 is divided by 12.
9
Calculate the remainder when 205 is divided by 53.
46
What is the remainder when 33761 is divided by 17?
16
What is the remainder when 428 is divided by 62?
56
What is the remainder when 40 is divided by 25?
15
What is the remainder when 2879 is divided by 17?
6
Calculate the remainder when 1191 is divided by 1187.
4
Calculate the remainder when 18 is divided by 7.
4
Calculate the remainder when 186 is divided by 49.
39
Calculate the remainder when 96 is divided by 33.
30
Calculate the remainder when 1028 is divided by 86.
82
What is the remainder when 463 is divided by 114?
7
Calculate the remainder when 209 is divided by 41.
4
Calculate the remainder when 1356 is divided by 23.
22
Calculate the remainder when 998 is divided by 100.
98
Calculate the remainder when 62 is divided by 10.
2
Calculate the remainder when 179 is divided by 9.
8
Calculate the remainder when 81 is divided by 44.
37
What is the remainder when 181 is divided by 20?
1
Calculate the remainder when 188 is divided by 23.
4
Calculate the remainder when 98 is divided by 35.
28
Calculate the remainder when 1125 is divided by 552.
21
What is the remainder when 235 is divided by 48?
43
Calculate the remainder when 532 is divided by 472.
60
Calculate the remainder when 905 is divided by 85.
55
Calculate the remainder when 8369 is divided by 54.
53
Calculate the remainder when 84 is divided by 30.
24
What is the remainder when 190 is divided by 97?
93
What is the remainder when 2560 is divided by 255?
10
Calculate the remainder when 1083 is divided by 537.
9
Calculate the remainder when 46 is divided by 34.
12
What is the remainder when 1325 is divided by 38?
33
Calculate the remainder when 397 is divided by 80.
77
What is the remainder when 113 is divided by 18?
5
What is the remainder when 96 is divided by 35?
26
What is the remainder when 236 is divided by 51?
32
What is the remainder when 199 is divided by 25?
24
What is the remainder when 1727 is divided by 13?
11
What is the remainder when 810 is divided by 224?
138
Calculate the remainder when 280 is divided by 52.
20
What is the remainder when 641 is divided by 37?
12
What is the remainder when 1439 is divided by 96?
95
Calculate the remainder when 68 is divided by 9.
5
What is the remainder when 507 is divided by 15?
12
What is the remainder when 1165 is divided by 250?
165
What is the remainder when 188 is divided by 21?
20
What is the remainder when 290 is divided by 114?
62
What is the remainder when 366 is divided by 45?
6
What is the remainder when 15 is divided by 10?
5
Calculate the remainder when 7623 is divided by 508.
3
Calculate the remainder when 181 is divided by 8.
5
What is the remainder when 38 is divided by 9?
2
What is the remainder when 2186 is divided by 11?
8
Calculate the remainder when 703 is divided by 181.
160
Calculate the remainder when 45 is divided by 16.
13
What is the remainder when 74 is divided by 11?
8
What is the remainder when 391 is divided by 41?
22
What is the remainder when 94 is divided by 37?
20
Calculate the remainder when 11905 is divided by 81.
79
Calculate the remainder when 1193 is divided by 244.
217
What is the remainder when 254 is divided by 110?
34
What is the remainder when 140 is divided by 13?
10
What is the remainder when 825 is divided by 92?
89
Calculate the remainder when 1300 is divided by 99.
13
What is the remainder when 570 is divided by 50?
20
Calculate the remainder when 446 is divided by 88.
6
Calculate the remainder when 1336 is divided by 6.
4
What is the remainder when 84 is divided by 20?
4
Calculate the remainder when 1297 is divided by 13.
10
Calculate the remainder when 297 is divided by 60.
57
What is the remainder when 760 is divided by 149?
15
What is the remainder when 1159 is divided by 88?
15
What is the remainder when 371 is divided by 33?
8
What is the remainder when 256 is divided by 13?
9
What is the remainder when 78 is divided by 11?
1
Calculate the remainder when 1613 is divided by 16.
13
What is the remainder when 80 is divided by 9?
8
Calculate the remainder when 41 is divided by 11.
8
What is the remainder when 978 is divided by 20?
18
What is the remainder when 405 is divided by 17?
14
Calculate the remainder when 547 is divided by 115.
87
Calculate the remainder when 634 is divided by 206.
16
Calculate the remainder when 803 is divided by 23.
21
What is the remainder when 348 is divided by 54?
24
Calculate the remainder when 27 is divided by 13.
1
What is the remainder when 7174 is divided by 20?
14
What is the remainder when 167 is divided by 14?
13
What is the remainder when 1612 is divided by 85?
82
Calculate the remainder when 327 is divided by 11.
8
What is the remainder when 177 is divided by 10?
7
Calculate the remainder when 318 is divided by 8.
6
Calculate the remainder when 141 is divided by 48.
45
What is the remainder when 153 is divided by 53?
47
What is the remainder when 13040 is divided by 161?
160
Calculate the remainder when 492 is divided by 19.
17
What is the remainder when 41 is divided by 9?
5
Calculate the remainder when 3767 is divided by 58.
55
What is the remainder when 974 is divided by 16?
14
Calculate the remainder when 111 is divided by 19.
16
Calculate the remainder when 852 is divided by 124.
108
What is the remainder when 223 is divided by 29?
20
Calculate the remainder when 979 is divided by 88.
11
What is the remainder when 932 is divided by 18?
14
What is the remainder when 191 is divided by 129?
62
What is the remainder when 619 is divided by 